{"id":8614,"date":"2023-08-31T12:57:03","date_gmt":"2023-08-31T10:57:03","guid":{"rendered":"https:\/\/www.lamarcadeodin.com\/?post_type=localizacion&#038;p=8614"},"modified":"2024-04-25T07:05:24","modified_gmt":"2024-04-25T05:05:24","slug":"european-aerospace-center-eac","status":"publish","type":"localizacion","link":"https:\/\/www.lamarcadeodin.com\/en\/localizacion\/european-aerospace-center-eac\/","title":{"rendered":"European Aerospace Center &#8211; EAC"},"content":{"rendered":"\r\n<p>The idea of creating a new European aerospace center arose from the need to join forces between NASA and the European Space Agency (ESA). After the onset of the international economic crisis and NASA&#8217;s failure to find a replacement for its space shuttles, it became clear that either Europe and the United States would ally and join forces or the space race was in danger of stalling. Or worse, being relegated to second place behind new space powers like China.<\/p>\r\n<p>Several countries competed for the location of these facilities but in the end it was Spain that won, it is rumored that thanks to the excellent relationship between the new president Manuel Alonso and his American counterpart Elliot Powell.<\/p>\r\n<p>Construction work began in October 2009, with the first phase of the facilities being inaugurated just six months later, in April 2010. The EAC, as it is popularly known, has represented one of the largest investments in engineering and construction in the West. Both public organizations and private companies have invested incalculable sums to make it a reality. Its area is equivalent to more than half of the city of Seville. The security of the facilities is of the highest level, with NATO being responsible for its protection.<\/p>\r\n\r\n\r\n\r\n\r\n\r\n<figure id=\"attachment_8616\" aria-describedby=\"caption-attachment-8616\" style=\"width: 2000px\" class=\"wp-caption alignnone\"><img fetchpriority=\"high\" decoding=\"async\" class=\"wp-image-8616 size-full\" src=\"https:\/\/www.lamarcadeodin.com\/wp-content\/uploads\/2023\/08\/CAE-concept-LowRes.jpg\" alt=\"European Aerospace Center - EAC\" width=\"2000\" height=\"606\" srcset=\"https:\/\/www.lamarcadeodin.com\/wp-content\/uploads\/2023\/08\/CAE-concept-LowRes.jpg 2000w, https:\/\/www.lamarcadeodin.com\/wp-content\/uploads\/2023\/08\/CAE-concept-LowRes-768x233.jpg 768w, https:\/\/www.lamarcadeodin.com\/wp-content\/uploads\/2023\/08\/CAE-concept-LowRes-1536x465.jpg 1536w, https:\/\/www.lamarcadeodin.com\/wp-content\/uploads\/2023\/08\/CAE-concept-LowRes-50x15.jpg 50w, https:\/\/www.lamarcadeodin.com\/wp-content\/uploads\/2023\/08\/CAE-concept-LowRes-100x30.jpg 100w\" sizes=\"100vw\" \/><figcaption id=\"caption-attachment-8616\" class=\"wp-caption-text\">European Aerospace Center &#8211; EAC<\/figcaption><\/figure>\r\n<p>Officially, only the general public has been made aware that the EAC is going to dedicate itself to the Hermes project, whose purpose is the development of a new generation of space shuttles. Unofficially, there are voices that argue that both its extension and the secrecy of the facilities hide something else. Above all, when in theory its construction has been completed, but works have been confirmed until beyond 2020.<\/p>\r\n<p>What is clear is that the European Aerospace Center has become a strategic resource of maximum civil and military interest. That is why it is rumored that it has managed to attract the greatest geniuses of the West to work, side by side, to bring humankind closer to space. Furthermore, recent news has confirmed that starting in September 2012, a select group of university students, about to graduate in aerospace engineering, will be able to participate in the Hermes Project, within a pilot test of a new program that brings together the best students. to the most cutting-edge companies and projects.<\/p>\r\n","protected":false},"featured_media":4894,"template":"","meta":{"_acf_changed":false,"_bbp_topic_count":0,"_bbp_reply_count":0,"_bbp_total_topic_count":0,"_bbp_total_reply_count":0,"_bbp_voice_count":0,"_bbp_anonymous_reply_count":0,"_bbp_topic_count_hidden":0,"_bbp_reply_count_hidden":0,"_bbp_forum_subforum_count":0,"ngg_post_thumbnail":0,"_glsr_average":0,"_glsr_ranking":0,"_glsr_reviews":0},"volumen":[10],"class_list":["post-8614","localizacion","type-localizacion","status-publish","has-post-thumbnail","hentry","volumen-volumen-0"],"acf":[],"yoast_head":"<!-- This site is optimized with the Yoast SEO plugin v26.9 - https:\/\/yoast.com\/product\/yoast-seo-wordpress\/ -->\n<title>European Aerospace Center - EAC - La Marca de Od\u00edn<\/title>\n<meta name=\"description\" content=\"European Aerospace Center - EAC\" \/>\n<meta name=\"robots\" content=\"index, follow, max-snippet:-1, max-image-preview:large, max-video-preview:-1\" \/>\n<link rel=\"canonical\" href=\"https:\/\/www.lamarcadeodin.com\/en\/localizacion\/european-aerospace-center-eac\/\" \/>\n<meta property=\"og:locale\" content=\"en_US\" \/>\n<meta property=\"og:type\" content=\"article\" \/>\n<meta property=\"og:title\" content=\"European Aerospace Center - EAC - La Marca de Od\u00edn\" \/>\n<meta property=\"og:description\" content=\"European Aerospace Center - EAC\" \/>\n<meta property=\"og:url\" content=\"https:\/\/www.lamarcadeodin.com\/en\/localizacion\/european-aerospace-center-eac\/\" \/>\n<meta property=\"og:site_name\" content=\"La Marca de Od\u00edn\" \/>\n<meta property=\"article:publisher\" content=\"https:\/\/www.facebook.com\/xaviverso\/\" \/>\n<meta property=\"article:modified_time\" content=\"2024-04-25T05:05:24+00:00\" \/>\n<meta property=\"og:image\" content=\"https:\/\/www.lamarcadeodin.com\/wp-content\/uploads\/centro-aeroespacial-europeo-V0.png\" \/>\n\t<meta property=\"og:image:width\" content=\"712\" \/>\n\t<meta property=\"og:image:height\" content=\"278\" \/>\n\t<meta property=\"og:image:type\" content=\"image\/png\" \/>\n<meta name=\"twitter:card\" content=\"summary_large_image\" \/>\n<meta name=\"twitter:site\" content=\"@ElXaviVerso\" \/>\n<meta name=\"twitter:label1\" content=\"Est. reading time\" \/>\n\t<meta name=\"twitter:data1\" content=\"3 minutes\" \/>\n<script type=\"application\/ld+json\" class=\"yoast-schema-graph\">{\"@context\":\"https:\/\/schema.org\",\"@graph\":[{\"@type\":\"WebPage\",\"@id\":\"https:\/\/www.lamarcadeodin.com\/en\/localizacion\/european-aerospace-center-eac\/\",\"url\":\"https:\/\/www.lamarcadeodin.com\/en\/localizacion\/european-aerospace-center-eac\/\",\"name\":\"European Aerospace Center - EAC - La Marca de Od\u00edn\",\"isPartOf\":{\"@id\":\"https:\/\/www.lamarcadeodin.com\/#website\"},\"primaryImageOfPage\":{\"@id\":\"https:\/\/www.lamarcadeodin.com\/en\/localizacion\/european-aerospace-center-eac\/#primaryimage\"},\"image\":{\"@id\":\"https:\/\/www.lamarcadeodin.com\/en\/localizacion\/european-aerospace-center-eac\/#primaryimage\"},\"thumbnailUrl\":\"https:\/\/www.lamarcadeodin.com\/wp-content\/uploads\/centro-aeroespacial-europeo-V0.png\",\"datePublished\":\"2023-08-31T10:57:03+00:00\",\"dateModified\":\"2024-04-25T05:05:24+00:00\",\"description\":\"European Aerospace Center - EAC\",\"breadcrumb\":{\"@id\":\"https:\/\/www.lamarcadeodin.com\/en\/localizacion\/european-aerospace-center-eac\/#breadcrumb\"},\"inLanguage\":\"en-US\",\"potentialAction\":[{\"@type\":\"ReadAction\",\"target\":[\"https:\/\/www.lamarcadeodin.com\/en\/localizacion\/european-aerospace-center-eac\/\"]}]},{\"@type\":\"ImageObject\",\"inLanguage\":\"en-US\",\"@id\":\"https:\/\/www.lamarcadeodin.com\/en\/localizacion\/european-aerospace-center-eac\/#primaryimage\",\"url\":\"https:\/\/www.lamarcadeodin.com\/wp-content\/uploads\/centro-aeroespacial-europeo-V0.png\",\"contentUrl\":\"https:\/\/www.lamarcadeodin.com\/wp-content\/uploads\/centro-aeroespacial-europeo-V0.png\",\"width\":712,\"height\":278},{\"@type\":\"BreadcrumbList\",\"@id\":\"https:\/\/www.lamarcadeodin.com\/en\/localizacion\/european-aerospace-center-eac\/#breadcrumb\",\"itemListElement\":[{\"@type\":\"ListItem\",\"position\":1,\"name\":\"Portada\",\"item\":\"https:\/\/www.lamarcadeodin.com\/en\/\"},{\"@type\":\"ListItem\",\"position\":2,\"name\":\"European Aerospace Center &#8211; EAC\"}]},{\"@type\":\"WebSite\",\"@id\":\"https:\/\/www.lamarcadeodin.com\/#website\",\"url\":\"https:\/\/www.lamarcadeodin.com\/\",\"name\":\"La Marca de Od\u00edn\",\"description\":\"La saga literaria transmedia que fusiona actualidad con mitolog\u00eda n\u00f3rdica y ciencia ficci\u00f3n\",\"publisher\":{\"@id\":\"https:\/\/www.lamarcadeodin.com\/#organization\"},\"potentialAction\":[{\"@type\":\"SearchAction\",\"target\":{\"@type\":\"EntryPoint\",\"urlTemplate\":\"https:\/\/www.lamarcadeodin.com\/?s={search_term_string}\"},\"query-input\":{\"@type\":\"PropertyValueSpecification\",\"valueRequired\":true,\"valueName\":\"search_term_string\"}}],\"inLanguage\":\"en-US\"},{\"@type\":\"Organization\",\"@id\":\"https:\/\/www.lamarcadeodin.com\/#organization\",\"name\":\"La Marca de Od\u00edn\",\"url\":\"https:\/\/www.lamarcadeodin.com\/\",\"logo\":{\"@type\":\"ImageObject\",\"inLanguage\":\"en-US\",\"@id\":\"https:\/\/www.lamarcadeodin.com\/#\/schema\/logo\/image\/\",\"url\":\"https:\/\/www.lamarcadeodin.com\/wp-content\/uploads\/cropped-logolamarcadeodinconruna400x120.jpg\",\"contentUrl\":\"https:\/\/www.lamarcadeodin.com\/wp-content\/uploads\/cropped-logolamarcadeodinconruna400x120.jpg\",\"width\":400,\"height\":120,\"caption\":\"La Marca de Od\u00edn\"},\"image\":{\"@id\":\"https:\/\/www.lamarcadeodin.com\/#\/schema\/logo\/image\/\"},\"sameAs\":[\"https:\/\/www.facebook.com\/xaviverso\/\",\"https:\/\/x.com\/ElXaviVerso\",\"https:\/\/t.me\/xaviverso\",\"https:\/\/www.instagram.com\/elxaviverso\/\",\"https:\/\/whatsapp.com\/channel\/0029Va94LUA05MUfj4FmYU29\",\"https:\/\/www.youtube.com\/@XaviVerso\",\"https:\/\/www.tiktok.com\/@xaviverso\",\"https:\/\/www.twitch.tv\/xaviverso\"]}]}<\/script>\n<!-- \/ Yoast SEO plugin. -->","yoast_head_json":{"title":"European Aerospace Center - EAC - La Marca de Od\u00edn","description":"European Aerospace Center - EAC","robots":{"index":"index","follow":"follow","max-snippet":"max-snippet:-1","max-image-preview":"max-image-preview:large","max-video-preview":"max-video-preview:-1"},"canonical":"https:\/\/www.lamarcadeodin.com\/en\/localizacion\/european-aerospace-center-eac\/","og_locale":"en_US","og_type":"article","og_title":"European Aerospace Center - EAC - La Marca de Od\u00edn","og_description":"European Aerospace Center - EAC","og_url":"https:\/\/www.lamarcadeodin.com\/en\/localizacion\/european-aerospace-center-eac\/","og_site_name":"La Marca de Od\u00edn","article_publisher":"https:\/\/www.facebook.com\/xaviverso\/","article_modified_time":"2024-04-25T05:05:24+00:00","og_image":[{"width":712,"height":278,"url":"https:\/\/www.lamarcadeodin.com\/wp-content\/uploads\/centro-aeroespacial-europeo-V0.png","type":"image\/png"}],"twitter_card":"summary_large_image","twitter_site":"@ElXaviVerso","twitter_misc":{"Est. reading time":"3 minutes"},"schema":{"@context":"https:\/\/schema.org","@graph":[{"@type":"WebPage","@id":"https:\/\/www.lamarcadeodin.com\/en\/localizacion\/european-aerospace-center-eac\/","url":"https:\/\/www.lamarcadeodin.com\/en\/localizacion\/european-aerospace-center-eac\/","name":"European Aerospace Center - EAC - La Marca de Od\u00edn","isPartOf":{"@id":"https:\/\/www.lamarcadeodin.com\/#website"},"primaryImageOfPage":{"@id":"https:\/\/www.lamarcadeodin.com\/en\/localizacion\/european-aerospace-center-eac\/#primaryimage"},"image":{"@id":"https:\/\/www.lamarcadeodin.com\/en\/localizacion\/european-aerospace-center-eac\/#primaryimage"},"thumbnailUrl":"https:\/\/www.lamarcadeodin.com\/wp-content\/uploads\/centro-aeroespacial-europeo-V0.png","datePublished":"2023-08-31T10:57:03+00:00","dateModified":"2024-04-25T05:05:24+00:00","description":"European Aerospace Center - EAC","breadcrumb":{"@id":"https:\/\/www.lamarcadeodin.com\/en\/localizacion\/european-aerospace-center-eac\/#breadcrumb"},"inLanguage":"en-US","potentialAction":[{"@type":"ReadAction","target":["https:\/\/www.lamarcadeodin.com\/en\/localizacion\/european-aerospace-center-eac\/"]}]},{"@type":"ImageObject","inLanguage":"en-US","@id":"https:\/\/www.lamarcadeodin.com\/en\/localizacion\/european-aerospace-center-eac\/#primaryimage","url":"https:\/\/www.lamarcadeodin.com\/wp-content\/uploads\/centro-aeroespacial-europeo-V0.png","contentUrl":"https:\/\/www.lamarcadeodin.com\/wp-content\/uploads\/centro-aeroespacial-europeo-V0.png","width":712,"height":278},{"@type":"BreadcrumbList","@id":"https:\/\/www.lamarcadeodin.com\/en\/localizacion\/european-aerospace-center-eac\/#breadcrumb","itemListElement":[{"@type":"ListItem","position":1,"name":"Portada","item":"https:\/\/www.lamarcadeodin.com\/en\/"},{"@type":"ListItem","position":2,"name":"European Aerospace Center &#8211; EAC"}]},{"@type":"WebSite","@id":"https:\/\/www.lamarcadeodin.com\/#website","url":"https:\/\/www.lamarcadeodin.com\/","name":"La Marca de Od\u00edn","description":"La saga literaria transmedia que fusiona actualidad con mitolog\u00eda n\u00f3rdica y ciencia ficci\u00f3n","publisher":{"@id":"https:\/\/www.lamarcadeodin.com\/#organization"},"potentialAction":[{"@type":"SearchAction","target":{"@type":"EntryPoint","urlTemplate":"https:\/\/www.lamarcadeodin.com\/?s={search_term_string}"},"query-input":{"@type":"PropertyValueSpecification","valueRequired":true,"valueName":"search_term_string"}}],"inLanguage":"en-US"},{"@type":"Organization","@id":"https:\/\/www.lamarcadeodin.com\/#organization","name":"La Marca de Od\u00edn","url":"https:\/\/www.lamarcadeodin.com\/","logo":{"@type":"ImageObject","inLanguage":"en-US","@id":"https:\/\/www.lamarcadeodin.com\/#\/schema\/logo\/image\/","url":"https:\/\/www.lamarcadeodin.com\/wp-content\/uploads\/cropped-logolamarcadeodinconruna400x120.jpg","contentUrl":"https:\/\/www.lamarcadeodin.com\/wp-content\/uploads\/cropped-logolamarcadeodinconruna400x120.jpg","width":400,"height":120,"caption":"La Marca de Od\u00edn"},"image":{"@id":"https:\/\/www.lamarcadeodin.com\/#\/schema\/logo\/image\/"},"sameAs":["https:\/\/www.facebook.com\/xaviverso\/","https:\/\/x.com\/ElXaviVerso","https:\/\/t.me\/xaviverso","https:\/\/www.instagram.com\/elxaviverso\/","https:\/\/whatsapp.com\/channel\/0029Va94LUA05MUfj4FmYU29","https:\/\/www.youtube.com\/@XaviVerso","https:\/\/www.tiktok.com\/@xaviverso","https:\/\/www.twitch.tv\/xaviverso"]}]}},"_links":{"self":[{"href":"https:\/\/www.lamarcadeodin.com\/en\/wp-json\/wp\/v2\/localizacion\/8614","targetHints":{"allow":["GET"]}}],"collection":[{"href":"https:\/\/www.lamarcadeodin.com\/en\/wp-json\/wp\/v2\/localizacion"}],"about":[{"href":"https:\/\/www.lamarcadeodin.com\/en\/wp-json\/wp\/v2\/types\/localizacion"}],"wp:featuredmedia":[{"embeddable":true,"href":"https:\/\/www.lamarcadeodin.com\/en\/wp-json\/wp\/v2\/media\/4894"}],"wp:attachment":[{"href":"https:\/\/www.lamarcadeodin.com\/en\/wp-json\/wp\/v2\/media?parent=8614"}],"wp:term":[{"taxonomy":"volumen","embeddable":true,"href":"https:\/\/www.lamarcadeodin.com\/en\/wp-json\/wp\/v2\/volumen?post=8614"}],"curies":[{"name":"wp","href":"https:\/\/api.w.org\/{rel}","templated":true}]}}

<!-- This site is optimized with the Yoast SEO plugin v26.9 - https://yoast.com/product/yoast-seo-wordpress/ -->
<title>European Aerospace Center - EAC - La Marca de Odín</title>
<meta name="description" content="European Aerospace Center - EAC" />
<meta name="robots" content="index, follow, max-snippet:-1, max-image-preview:large, max-video-preview:-1" />
<link rel="canonical" href="https://www.lamarcadeodin.com/en/localizacion/european-aerospace-center-eac/" />
<meta property="og:locale" content="en_US" />
<meta property="og:type" content="article" />
<meta property="og:title" content="European Aerospace Center - EAC - La Marca de Odín" />
<meta property="og:description" content="European Aerospace Center - EAC" />
<meta property="og:url" content="https://www.lamarcadeodin.com/en/localizacion/european-aerospace-center-eac/" />
<meta property="og:site_name" content="La Marca de Odín" />
<meta property="article:publisher" content="https://www.facebook.com/xaviverso/" />
<meta property="article:modified_time" content="2024-04-25T05:05:24+00:00" />
<meta property="og:image" content="https://www.lamarcadeodin.com/wp-content/uploads/centro-aeroespacial-europeo-V0.png" />
	<meta property="og:image:width" content="712" />
	<meta property="og:image:height" content="278" />
	<meta property="og:image:type" content="image/png" />
<meta name="twitter:card" content="summary_large_image" />
<meta name="twitter:site" content="@ElXaviVerso" />
<meta name="twitter:label1" content="Est. reading time" />
	<meta name="twitter:data1" content="3 minutes" />
<script type="application/ld+json" class="yoast-schema-graph">{"@context":"https://schema.org","@graph":[{"@type":"WebPage","@id":"https://www.lamarcadeodin.com/en/localizacion/european-aerospace-center-eac/","url":"https://www.lamarcadeodin.com/en/localizacion/european-aerospace-center-eac/","name":"European Aerospace Center - EAC - La Marca de Odín","isPartOf":{"@id":"https://www.lamarcadeodin.com/#website"},"primaryImageOfPage":{"@id":"https://www.lamarcadeodin.com/en/localizacion/european-aerospace-center-eac/#primaryimage"},"image":{"@id":"https://www.lamarcadeodin.com/en/localizacion/european-aerospace-center-eac/#primaryimage"},"thumbnailUrl":"https://www.lamarcadeodin.com/wp-content/uploads/centro-aeroespacial-europeo-V0.png","datePublished":"2023-08-31T10:57:03+00:00","dateModified":"2024-04-25T05:05:24+00:00","description":"European Aerospace Center - EAC","breadcrumb":{"@id":"https://www.lamarcadeodin.com/en/localizacion/european-aerospace-center-eac/#breadcrumb"},"inLanguage":"en-US","potentialAction":[{"@type":"ReadAction","target":["https://www.lamarcadeodin.com/en/localizacion/european-aerospace-center-eac/"]}]},{"@type":"ImageObject","inLanguage":"en-US","@id":"https://www.lamarcadeodin.com/en/localizacion/european-aerospace-center-eac/#primaryimage","url":"https://www.lamarcadeodin.com/wp-content/uploads/centro-aeroespacial-europeo-V0.png","contentUrl":"https://www.lamarcadeodin.com/wp-content/uploads/centro-aeroespacial-europeo-V0.png","width":712,"height":278},{"@type":"BreadcrumbList","@id":"https://www.lamarcadeodin.com/en/localizacion/european-aerospace-center-eac/#breadcrumb","itemListElement":[{"@type":"ListItem","position":1,"name":"Portada","item":"https://www.lamarcadeodin.com/en/"},{"@type":"ListItem","position":2,"name":"European Aerospace Center &#8211; EAC"}]},{"@type":"WebSite","@id":"https://www.lamarcadeodin.com/#website","url":"https://www.lamarcadeodin.com/","name":"La Marca de Odín","description":"La saga literaria transmedia que fusiona actualidad con mitología nórdica y ciencia ficción","publisher":{"@id":"https://www.lamarcadeodin.com/#organization"},"potentialAction":[{"@type":"SearchAction","target":{"@type":"EntryPoint","urlTemplate":"https://www.lamarcadeodin.com/?s={search_term_string}"},"query-input":{"@type":"PropertyValueSpecification","valueRequired":true,"valueName":"search_term_string"}}],"inLanguage":"en-US"},{"@type":"Organization","@id":"https://www.lamarcadeodin.com/#organization","name":"La Marca de Odín","url":"https://www.lamarcadeodin.com/","logo":{"@type":"ImageObject","inLanguage":"en-US","@id":"https://www.lamarcadeodin.com/#/schema/logo/image/","url":"https://www.lamarcadeodin.com/wp-content/uploads/cropped-logolamarcadeodinconruna400x120.jpg","contentUrl":"https://www.lamarcadeodin.com/wp-content/uploads/cropped-logolamarcadeodinconruna400x120.jpg","width":400,"height":120,"caption":"La Marca de Odín"},"image":{"@id":"https://www.lamarcadeodin.com/#/schema/logo/image/"},"sameAs":["https://www.facebook.com/xaviverso/","https://x.com/ElXaviVerso","https://t.me/xaviverso","https://www.instagram.com/elxaviverso/","https://whatsapp.com/channel/0029Va94LUA05MUfj4FmYU29","https://www.youtube.com/@XaviVerso","https://www.tiktok.com/@xaviverso","https://www.twitch.tv/xaviverso"]}]}</script>
<!-- / Yoast SEO plugin. -->

European Aerospace Center - EAC - La Marca de Odín

La Marca de Odín

La saga literaria transmedia que fusiona actualidad con mitología nórdica y ciencia ficción
