{"id":8584,"date":"2023-10-18T10:26:25","date_gmt":"2023-10-18T08:26:25","guid":{"rendered":"https:\/\/www.lamarcadeodin.com\/?post_type=personaje&#038;p=8584"},"modified":"2024-04-11T15:46:36","modified_gmt":"2024-04-11T13:46:36","slug":"eva-galvez","status":"publish","type":"personaje","link":"https:\/\/www.lamarcadeodin.com\/en\/personaje\/eva-galvez\/","title":{"rendered":"Eva G\u00e1lvez"},"content":{"rendered":"<p>Eva is the best friend anyone has ever wanted to have. She is friendly, smiling, intelligent, outgoing and she always spreads her smile to everyone around her. Born in C\u00f3rdoba, she moved to Seville to begin her studies in Aeronautical Engineering.<\/p>\n<p>In her first year she casually met Luis, who would become her best friend and co-worker. Over the years their relationship has deepened to the point that they form an unparalleled team. Which is why both are strong candidates to be part of the select group of students who will be able to participate in the Hermes project, within the new European Aerospace Center in Seville.<\/p>\n<p>A methodical person, Eva always excelled in her studies and aspired to an engineering career. Without a doubt, it was her father who instilled that interest in her, as it was his frustrated dream when he was young. After her father died in a tragic car accident six years earlier, she was on the verge of leaving everything behind. She entered a depressive spiral from which she would not have emerged if it had not been for the firmness and affection of her mother. It was she who pushed her to move to Seville and begin her studies.<\/p>\n<p>After so much effort, Eva feels that her dream is getting closer to coming true. And being able to achieve it with friends like Luis is something that makes her even happier.<\/p>\n","protected":false},"featured_media":4946,"template":"","meta":{"_acf_changed":false,"_bbp_topic_count":0,"_bbp_reply_count":0,"_bbp_total_topic_count":0,"_bbp_total_reply_count":0,"_bbp_voice_count":0,"_bbp_anonymous_reply_count":0,"_bbp_topic_count_hidden":0,"_bbp_reply_count_hidden":0,"_bbp_forum_subforum_count":0,"ngg_post_thumbnail":0,"_glsr_average":0,"_glsr_ranking":0,"_glsr_reviews":0},"volumen":[10],"ficha_tenica":[15],"class_list":["post-8584","personaje","type-personaje","status-publish","has-post-thumbnail","hentry","volumen-volumen-0","ficha_tenica-con-ficha"],"acf":[],"yoast_head":"<!-- This site is optimized with the Yoast SEO plugin v26.9 - https:\/\/yoast.com\/product\/yoast-seo-wordpress\/ -->\n<title>Eva G\u00e1lvez - Mark of Odin<\/title>\n<meta name=\"description\" content=\"Eva G\u00e1lvez extended description\" \/>\n<meta name=\"robots\" content=\"index, follow, max-snippet:-1, max-image-preview:large, max-video-preview:-1\" \/>\n<link rel=\"canonical\" href=\"https:\/\/www.lamarcadeodin.com\/en\/personaje\/eva-galvez\/\" \/>\n<meta property=\"og:locale\" content=\"en_US\" \/>\n<meta property=\"og:type\" content=\"article\" \/>\n<meta property=\"og:title\" content=\"Eva G\u00e1lvez - Mark of Odin\" \/>\n<meta property=\"og:description\" content=\"Eva G\u00e1lvez extended description\" \/>\n<meta property=\"og:url\" content=\"https:\/\/www.lamarcadeodin.com\/en\/personaje\/eva-galvez\/\" \/>\n<meta property=\"og:site_name\" content=\"La Marca de Od\u00edn\" \/>\n<meta property=\"article:publisher\" content=\"https:\/\/www.facebook.com\/xaviverso\/\" \/>\n<meta property=\"article:modified_time\" content=\"2024-04-11T13:46:36+00:00\" \/>\n<meta property=\"og:image\" content=\"https:\/\/www.lamarcadeodin.com\/wp-content\/uploads\/Eva.jpg\" \/>\n\t<meta property=\"og:image:width\" content=\"500\" \/>\n\t<meta property=\"og:image:height\" content=\"589\" \/>\n\t<meta property=\"og:image:type\" content=\"image\/jpeg\" \/>\n<meta name=\"twitter:card\" content=\"summary_large_image\" \/>\n<meta name=\"twitter:site\" content=\"@ElXaviVerso\" \/>\n<meta name=\"twitter:label1\" content=\"Est. reading time\" \/>\n\t<meta name=\"twitter:data1\" content=\"2 minutes\" \/>\n<script type=\"application\/ld+json\" class=\"yoast-schema-graph\">{\"@context\":\"https:\/\/schema.org\",\"@graph\":[{\"@type\":\"WebPage\",\"@id\":\"https:\/\/www.lamarcadeodin.com\/en\/personaje\/eva-galvez\/\",\"url\":\"https:\/\/www.lamarcadeodin.com\/en\/personaje\/eva-galvez\/\",\"name\":\"Eva G\u00e1lvez - Mark of Odin\",\"isPartOf\":{\"@id\":\"https:\/\/www.lamarcadeodin.com\/#website\"},\"primaryImageOfPage\":{\"@id\":\"https:\/\/www.lamarcadeodin.com\/en\/personaje\/eva-galvez\/#primaryimage\"},\"image\":{\"@id\":\"https:\/\/www.lamarcadeodin.com\/en\/personaje\/eva-galvez\/#primaryimage\"},\"thumbnailUrl\":\"https:\/\/www.lamarcadeodin.com\/wp-content\/uploads\/Eva.jpg\",\"datePublished\":\"2023-10-18T08:26:25+00:00\",\"dateModified\":\"2024-04-11T13:46:36+00:00\",\"description\":\"Eva G\u00e1lvez extended description\",\"breadcrumb\":{\"@id\":\"https:\/\/www.lamarcadeodin.com\/en\/personaje\/eva-galvez\/#breadcrumb\"},\"inLanguage\":\"en-US\",\"potentialAction\":[{\"@type\":\"ReadAction\",\"target\":[\"https:\/\/www.lamarcadeodin.com\/en\/personaje\/eva-galvez\/\"]}]},{\"@type\":\"ImageObject\",\"inLanguage\":\"en-US\",\"@id\":\"https:\/\/www.lamarcadeodin.com\/en\/personaje\/eva-galvez\/#primaryimage\",\"url\":\"https:\/\/www.lamarcadeodin.com\/wp-content\/uploads\/Eva.jpg\",\"contentUrl\":\"https:\/\/www.lamarcadeodin.com\/wp-content\/uploads\/Eva.jpg\",\"width\":500,\"height\":589},{\"@type\":\"BreadcrumbList\",\"@id\":\"https:\/\/www.lamarcadeodin.com\/en\/personaje\/eva-galvez\/#breadcrumb\",\"itemListElement\":[{\"@type\":\"ListItem\",\"position\":1,\"name\":\"Portada\",\"item\":\"https:\/\/www.lamarcadeodin.com\/en\/\"},{\"@type\":\"ListItem\",\"position\":2,\"name\":\"Eva G\u00e1lvez\"}]},{\"@type\":\"WebSite\",\"@id\":\"https:\/\/www.lamarcadeodin.com\/#website\",\"url\":\"https:\/\/www.lamarcadeodin.com\/\",\"name\":\"La Marca de Od\u00edn\",\"description\":\"La saga literaria transmedia que fusiona actualidad con mitolog\u00eda n\u00f3rdica y ciencia ficci\u00f3n\",\"publisher\":{\"@id\":\"https:\/\/www.lamarcadeodin.com\/#organization\"},\"potentialAction\":[{\"@type\":\"SearchAction\",\"target\":{\"@type\":\"EntryPoint\",\"urlTemplate\":\"https:\/\/www.lamarcadeodin.com\/?s={search_term_string}\"},\"query-input\":{\"@type\":\"PropertyValueSpecification\",\"valueRequired\":true,\"valueName\":\"search_term_string\"}}],\"inLanguage\":\"en-US\"},{\"@type\":\"Organization\",\"@id\":\"https:\/\/www.lamarcadeodin.com\/#organization\",\"name\":\"La Marca de Od\u00edn\",\"url\":\"https:\/\/www.lamarcadeodin.com\/\",\"logo\":{\"@type\":\"ImageObject\",\"inLanguage\":\"en-US\",\"@id\":\"https:\/\/www.lamarcadeodin.com\/#\/schema\/logo\/image\/\",\"url\":\"https:\/\/www.lamarcadeodin.com\/wp-content\/uploads\/cropped-logolamarcadeodinconruna400x120.jpg\",\"contentUrl\":\"https:\/\/www.lamarcadeodin.com\/wp-content\/uploads\/cropped-logolamarcadeodinconruna400x120.jpg\",\"width\":400,\"height\":120,\"caption\":\"La Marca de Od\u00edn\"},\"image\":{\"@id\":\"https:\/\/www.lamarcadeodin.com\/#\/schema\/logo\/image\/\"},\"sameAs\":[\"https:\/\/www.facebook.com\/xaviverso\/\",\"https:\/\/x.com\/ElXaviVerso\",\"https:\/\/t.me\/xaviverso\",\"https:\/\/www.instagram.com\/elxaviverso\/\",\"https:\/\/whatsapp.com\/channel\/0029Va94LUA05MUfj4FmYU29\",\"https:\/\/www.youtube.com\/@XaviVerso\",\"https:\/\/www.tiktok.com\/@xaviverso\",\"https:\/\/www.twitch.tv\/xaviverso\"]}]}<\/script>\n<!-- \/ Yoast SEO plugin. -->","yoast_head_json":{"title":"Eva G\u00e1lvez - Mark of Odin","description":"Eva G\u00e1lvez extended description","robots":{"index":"index","follow":"follow","max-snippet":"max-snippet:-1","max-image-preview":"max-image-preview:large","max-video-preview":"max-video-preview:-1"},"canonical":"https:\/\/www.lamarcadeodin.com\/en\/personaje\/eva-galvez\/","og_locale":"en_US","og_type":"article","og_title":"Eva G\u00e1lvez - Mark of Odin","og_description":"Eva G\u00e1lvez extended description","og_url":"https:\/\/www.lamarcadeodin.com\/en\/personaje\/eva-galvez\/","og_site_name":"La Marca de Od\u00edn","article_publisher":"https:\/\/www.facebook.com\/xaviverso\/","article_modified_time":"2024-04-11T13:46:36+00:00","og_image":[{"width":500,"height":589,"url":"https:\/\/www.lamarcadeodin.com\/wp-content\/uploads\/Eva.jpg","type":"image\/jpeg"}],"twitter_card":"summary_large_image","twitter_site":"@ElXaviVerso","twitter_misc":{"Est. reading time":"2 minutes"},"schema":{"@context":"https:\/\/schema.org","@graph":[{"@type":"WebPage","@id":"https:\/\/www.lamarcadeodin.com\/en\/personaje\/eva-galvez\/","url":"https:\/\/www.lamarcadeodin.com\/en\/personaje\/eva-galvez\/","name":"Eva G\u00e1lvez - Mark of Odin","isPartOf":{"@id":"https:\/\/www.lamarcadeodin.com\/#website"},"primaryImageOfPage":{"@id":"https:\/\/www.lamarcadeodin.com\/en\/personaje\/eva-galvez\/#primaryimage"},"image":{"@id":"https:\/\/www.lamarcadeodin.com\/en\/personaje\/eva-galvez\/#primaryimage"},"thumbnailUrl":"https:\/\/www.lamarcadeodin.com\/wp-content\/uploads\/Eva.jpg","datePublished":"2023-10-18T08:26:25+00:00","dateModified":"2024-04-11T13:46:36+00:00","description":"Eva G\u00e1lvez extended description","breadcrumb":{"@id":"https:\/\/www.lamarcadeodin.com\/en\/personaje\/eva-galvez\/#breadcrumb"},"inLanguage":"en-US","potentialAction":[{"@type":"ReadAction","target":["https:\/\/www.lamarcadeodin.com\/en\/personaje\/eva-galvez\/"]}]},{"@type":"ImageObject","inLanguage":"en-US","@id":"https:\/\/www.lamarcadeodin.com\/en\/personaje\/eva-galvez\/#primaryimage","url":"https:\/\/www.lamarcadeodin.com\/wp-content\/uploads\/Eva.jpg","contentUrl":"https:\/\/www.lamarcadeodin.com\/wp-content\/uploads\/Eva.jpg","width":500,"height":589},{"@type":"BreadcrumbList","@id":"https:\/\/www.lamarcadeodin.com\/en\/personaje\/eva-galvez\/#breadcrumb","itemListElement":[{"@type":"ListItem","position":1,"name":"Portada","item":"https:\/\/www.lamarcadeodin.com\/en\/"},{"@type":"ListItem","position":2,"name":"Eva G\u00e1lvez"}]},{"@type":"WebSite","@id":"https:\/\/www.lamarcadeodin.com\/#website","url":"https:\/\/www.lamarcadeodin.com\/","name":"La Marca de Od\u00edn","description":"La saga literaria transmedia que fusiona actualidad con mitolog\u00eda n\u00f3rdica y ciencia ficci\u00f3n","publisher":{"@id":"https:\/\/www.lamarcadeodin.com\/#organization"},"potentialAction":[{"@type":"SearchAction","target":{"@type":"EntryPoint","urlTemplate":"https:\/\/www.lamarcadeodin.com\/?s={search_term_string}"},"query-input":{"@type":"PropertyValueSpecification","valueRequired":true,"valueName":"search_term_string"}}],"inLanguage":"en-US"},{"@type":"Organization","@id":"https:\/\/www.lamarcadeodin.com\/#organization","name":"La Marca de Od\u00edn","url":"https:\/\/www.lamarcadeodin.com\/","logo":{"@type":"ImageObject","inLanguage":"en-US","@id":"https:\/\/www.lamarcadeodin.com\/#\/schema\/logo\/image\/","url":"https:\/\/www.lamarcadeodin.com\/wp-content\/uploads\/cropped-logolamarcadeodinconruna400x120.jpg","contentUrl":"https:\/\/www.lamarcadeodin.com\/wp-content\/uploads\/cropped-logolamarcadeodinconruna400x120.jpg","width":400,"height":120,"caption":"La Marca de Od\u00edn"},"image":{"@id":"https:\/\/www.lamarcadeodin.com\/#\/schema\/logo\/image\/"},"sameAs":["https:\/\/www.facebook.com\/xaviverso\/","https:\/\/x.com\/ElXaviVerso","https:\/\/t.me\/xaviverso","https:\/\/www.instagram.com\/elxaviverso\/","https:\/\/whatsapp.com\/channel\/0029Va94LUA05MUfj4FmYU29","https:\/\/www.youtube.com\/@XaviVerso","https:\/\/www.tiktok.com\/@xaviverso","https:\/\/www.twitch.tv\/xaviverso"]}]}},"_links":{"self":[{"href":"https:\/\/www.lamarcadeodin.com\/en\/wp-json\/wp\/v2\/personaje\/8584","targetHints":{"allow":["GET"]}}],"collection":[{"href":"https:\/\/www.lamarcadeodin.com\/en\/wp-json\/wp\/v2\/personaje"}],"about":[{"href":"https:\/\/www.lamarcadeodin.com\/en\/wp-json\/wp\/v2\/types\/personaje"}],"wp:featuredmedia":[{"embeddable":true,"href":"https:\/\/www.lamarcadeodin.com\/en\/wp-json\/wp\/v2\/media\/4946"}],"wp:attachment":[{"href":"https:\/\/www.lamarcadeodin.com\/en\/wp-json\/wp\/v2\/media?parent=8584"}],"wp:term":[{"taxonomy":"volumen","embeddable":true,"href":"https:\/\/www.lamarcadeodin.com\/en\/wp-json\/wp\/v2\/volumen?post=8584"},{"taxonomy":"ficha_tenica","embeddable":true,"href":"https:\/\/www.lamarcadeodin.com\/en\/wp-json\/wp\/v2\/ficha_tenica?post=8584"}],"curies":[{"name":"wp","href":"https:\/\/api.w.org\/{rel}","templated":true}]}}

Eva Gálvez

<p>Eva is the best friend anyone has ever wanted to have. She is friendly, smiling, intelligent, outgoing and she always spreads her smile to everyone around her. Born in Córdoba, she moved to Seville to begin her studies in Aeronautical Engineering.</p>
<p>In her first year she casually met Luis, who would become her best friend and co-worker. Over the years their relationship has deepened to the point that they form an unparalleled team. Which is why both are strong candidates to be part of the select group of students who will be able to participate in the Hermes project, within the new European Aerospace Center in Seville.</p>
<p>A methodical person, Eva always excelled in her studies and aspired to an engineering career. Without a doubt, it was her father who instilled that interest in her, as it was his frustrated dream when he was young. After her father died in a tragic car accident six years earlier, she was on the verge of leaving everything behind. She entered a depressive spiral from which she would not have emerged if it had not been for the firmness and affection of her mother. It was she who pushed her to move to Seville and begin her studies.</p>
<p>After so much effort, Eva feels that her dream is getting closer to coming true. And being able to achieve it with friends like Luis is something that makes her even happier.</p>

<!-- This site is optimized with the Yoast SEO plugin v26.9 - https://yoast.com/product/yoast-seo-wordpress/ -->
<title>Eva Gálvez - Mark of Odin</title>
<meta name="description" content="Eva Gálvez extended description" />
<meta name="robots" content="index, follow, max-snippet:-1, max-image-preview:large, max-video-preview:-1" />
<link rel="canonical" href="https://www.lamarcadeodin.com/en/personaje/eva-galvez/" />
<meta property="og:locale" content="en_US" />
<meta property="og:type" content="article" />
<meta property="og:title" content="Eva Gálvez - Mark of Odin" />
<meta property="og:description" content="Eva Gálvez extended description" />
<meta property="og:url" content="https://www.lamarcadeodin.com/en/personaje/eva-galvez/" />
<meta property="og:site_name" content="La Marca de Odín" />
<meta property="article:publisher" content="https://www.facebook.com/xaviverso/" />
<meta property="article:modified_time" content="2024-04-11T13:46:36+00:00" />
<meta property="og:image" content="https://www.lamarcadeodin.com/wp-content/uploads/Eva.jpg" />
	<meta property="og:image:width" content="500" />
	<meta property="og:image:height" content="589" />
	<meta property="og:image:type" content="image/jpeg" />
<meta name="twitter:card" content="summary_large_image" />
<meta name="twitter:site" content="@ElXaviVerso" />
<meta name="twitter:label1" content="Est. reading time" />
	<meta name="twitter:data1" content="2 minutes" />
<script type="application/ld+json" class="yoast-schema-graph">{"@context":"https://schema.org","@graph":[{"@type":"WebPage","@id":"https://www.lamarcadeodin.com/en/personaje/eva-galvez/","url":"https://www.lamarcadeodin.com/en/personaje/eva-galvez/","name":"Eva Gálvez - Mark of Odin","isPartOf":{"@id":"https://www.lamarcadeodin.com/#website"},"primaryImageOfPage":{"@id":"https://www.lamarcadeodin.com/en/personaje/eva-galvez/#primaryimage"},"image":{"@id":"https://www.lamarcadeodin.com/en/personaje/eva-galvez/#primaryimage"},"thumbnailUrl":"https://www.lamarcadeodin.com/wp-content/uploads/Eva.jpg","datePublished":"2023-10-18T08:26:25+00:00","dateModified":"2024-04-11T13:46:36+00:00","description":"Eva Gálvez extended description","breadcrumb":{"@id":"https://www.lamarcadeodin.com/en/personaje/eva-galvez/#breadcrumb"},"inLanguage":"en-US","potentialAction":[{"@type":"ReadAction","target":["https://www.lamarcadeodin.com/en/personaje/eva-galvez/"]}]},{"@type":"ImageObject","inLanguage":"en-US","@id":"https://www.lamarcadeodin.com/en/personaje/eva-galvez/#primaryimage","url":"https://www.lamarcadeodin.com/wp-content/uploads/Eva.jpg","contentUrl":"https://www.lamarcadeodin.com/wp-content/uploads/Eva.jpg","width":500,"height":589},{"@type":"BreadcrumbList","@id":"https://www.lamarcadeodin.com/en/personaje/eva-galvez/#breadcrumb","itemListElement":[{"@type":"ListItem","position":1,"name":"Portada","item":"https://www.lamarcadeodin.com/en/"},{"@type":"ListItem","position":2,"name":"Eva Gálvez"}]},{"@type":"WebSite","@id":"https://www.lamarcadeodin.com/#website","url":"https://www.lamarcadeodin.com/","name":"La Marca de Odín","description":"La saga literaria transmedia que fusiona actualidad con mitología nórdica y ciencia ficción","publisher":{"@id":"https://www.lamarcadeodin.com/#organization"},"potentialAction":[{"@type":"SearchAction","target":{"@type":"EntryPoint","urlTemplate":"https://www.lamarcadeodin.com/?s={search_term_string}"},"query-input":{"@type":"PropertyValueSpecification","valueRequired":true,"valueName":"search_term_string"}}],"inLanguage":"en-US"},{"@type":"Organization","@id":"https://www.lamarcadeodin.com/#organization","name":"La Marca de Odín","url":"https://www.lamarcadeodin.com/","logo":{"@type":"ImageObject","inLanguage":"en-US","@id":"https://www.lamarcadeodin.com/#/schema/logo/image/","url":"https://www.lamarcadeodin.com/wp-content/uploads/cropped-logolamarcadeodinconruna400x120.jpg","contentUrl":"https://www.lamarcadeodin.com/wp-content/uploads/cropped-logolamarcadeodinconruna400x120.jpg","width":400,"height":120,"caption":"La Marca de Odín"},"image":{"@id":"https://www.lamarcadeodin.com/#/schema/logo/image/"},"sameAs":["https://www.facebook.com/xaviverso/","https://x.com/ElXaviVerso","https://t.me/xaviverso","https://www.instagram.com/elxaviverso/","https://whatsapp.com/channel/0029Va94LUA05MUfj4FmYU29","https://www.youtube.com/@XaviVerso","https://www.tiktok.com/@xaviverso","https://www.twitch.tv/xaviverso"]}]}</script>
<!-- / Yoast SEO plugin. -->

Eva Gálvez - Mark of Odin

Eva Gálvez extended description

La Marca de Odín

La saga literaria transmedia que fusiona actualidad con mitología nórdica y ciencia ficción
